134.
2, 3, 13, 19, 3187
List the prime factors of 34117323.
3, 11372441
List the prime factors of 6548694.
2, 3, 1021, 1069
List the prime factors of 1001591.
823, 1217
List the prime factors of 74061.
3, 13, 211
List the prime factors of 11864580.
2, 3, 5, 7, 13, 41, 53
List the prime factors of 1851739.
37, 50047
What are the prime factors of 552916?
2, 7, 13, 31
What are the prime factors of 332733?
3, 197, 563
List the prime factors of 2094419.
317, 6607
List the prime factors of 19792998.
2, 3, 17, 7187
What are the prime factors of 1285639?
37, 34747
What are the prime factors of 4316119?
419, 10301
What are the prime factors of 6634273?
67, 83, 1193
List the prime factors of 652845.
3, 5, 71, 613
List the prime factors of 1111196.
2, 19, 14621
What are the prime factors of 198921?
3, 61, 1087
What are the prime factors of 15126818?
2, 7, 191, 5657
List the prime factors of 399008.
2, 37, 337
What are the prime factors of 2397360?
2, 3, 5, 7, 1427
What are the prime factors of 52014?
2, 3, 8669
List the prime factors of 281549.
281549
What are the prime factors of 11356259?
131, 86689
What are the prime factors of 6363165?
3, 5, 191, 2221
What are the prime factors of 5511033?
3, 11, 55667
List the prime factors of 336106.
2, 163, 1031
List the prime factors of 936682.
2, 103, 4547
List the prime factors of 553991.
553991
List the prime factors of 691429.
19, 151, 241
List the prime factors of 2987432.
2, 7, 7621
What are the prime factors of 5229008?
2, 71, 4603
What are the prime factors of 371259?
3, 7, 71, 83
List the prime factors of 412896.
2, 3, 11, 17, 23
List the prime factors of 97877.
13, 7529
What are the prime factors of 4561028?
2, 1140257
What are the prime factors of 5262086?
2, 2631043
List the prime factors of 10512591.
3, 89, 39373
What are the prime factors of 1017771?
3, 339257
List the prime factors of 166491.
3, 13, 1423
What are the prime factors of 26833254?
2, 3, 7, 131, 4877
List the prime factors of 81698.
2, 40849
What are the prime factors of 8461473?
3, 2820491
What are the prime factors of 219283?
17, 12899
List the prime factors of 25153.
25153
List the prime factors of 330567.
3, 251, 439
List the prime factors of 235380.
2, 3, 5, 3923
What are the prime factors of 1102245?
3, 5, 73483
List the prime factors of 17600534.
2, 7, 347, 3623
List the prime factors of 298891.
257, 1163
List the prime factors of 7176033.
3, 29531
What are the prime factors of 3059147?
7, 13, 33617
What are the prime factors of 15256766?
2, 7, 509, 2141
What are the prime factors of 5083266?
2, 3, 797, 1063
List the prime factors of 109320.
2, 3, 5, 911
List the prime factors of 6287323.
7, 898189
List the prime factors of 2255144.
2, 281893
List the prime factors of 418795.
5, 13, 17, 379
What are the prime factors of 252782?
2, 97, 1303
What are the prime factors of 1898037?
3, 31, 6803
What are the prime factors of 149123?
13, 11471
List the prime factors of 168.
2, 3, 7
List the prime factors of 66222.
2, 3, 13, 283
List the prime factors of 315340.
2, 5, 15767
List the prime factors of 210918.
2, 3, 35153
List the prime factors of 6167808.
2, 3, 2677
What are the prime factors of 660423?
3, 220141
List the prime factors of 5993333.
17, 352549
What are the prime factors of 300291?
3, 199, 503
What are the prime factors of 27400062?
2, 3, 839, 5443
List the prime factors of 2037736.
2, 179, 1423
List the prime factors of 95011.
7, 277
What are the prime factors of 98694?
2, 3, 5483
List the prime factors of 6481970.
2, 5, 11, 487
What are the prime factors of 8150319?
3, 59, 15349
What are the prime factors of 884534?
2, 7, 23, 41, 67
List the prime factors of 6670.
2, 5, 23, 29
List the prime factors of 548899.
13, 42223
What are the prime factors of 693225?
3, 5, 13, 79
What are the prime factors of 125934?
2, 3, 139, 151
List the prime factors of 77444.
2, 19, 1019
What are the prime factors of 1506157?
1506157
List the prime factors of 3485098.
2, 23, 239, 317
List the prime factors of 6619287.
3, 2206429
What are the prime factors of 256302?
2, 3, 29, 491
List the prime factors of 155832.
2, 3, 43, 151
List the prime factors of 244428.
2, 3, 20369
What are the prime factors of 332187?
3, 110729
List the prime factors of 5136376.
2, 7, 13103
List the prime factors of 216170.
2, 5, 21617
What are the prime factors of 702073?
79, 8887
List the prime factors of 4088801.
4088801
What are the prime factors of 10277759?
1627, 6317
What are the prime factors of 6210080?
2, 5, 37, 1049
List the prime factors of 3130398.
2, 3, 61, 2851
What are the prime factors of 594301?
19, 31, 1009
List the prime factors of 6291994.
2, 3145997
List the prime factors of 292630.
2, 5, 13, 2251
What are the prime factors of 5517289?
271, 20359
List the prime factors of 9620734.
2, 43, 111869
List the prime factors of 26948090.
2, 5, 13, 207293
List the prime factors of 2181275.
5, 87251
What are the prime factors of 2280038?
2, 19, 29, 2069
What are the prime factors of 1867038?
2, 3, 311173
What are the prime factors of 206181?
3, 31, 739
What are the prime factors of 1516407?
3, 505469
List the prime factors of 1677504.
2, 3, 8737
List the prime factors of 135976.
2, 23, 739
What are the prime factors of 120127?
7, 131
List the prime factors of 284150.
2, 5, 5683
List the prime factors of 5764354.
2, 41, 70297
List the prime factors of 410166.
2, 3, 22787
List the prime factors of 26955412.
2, 11, 61, 83
List the prime factors of 57266.
2, 11, 19, 137
List the prime factors of 19287280.
2, 5, 19, 12689
List the prime factors of 595646.
2, 17, 17519
What are the prime factors of 1046271?
3, 348757
List the prime factors of 2976524.
2, 757, 983
List the prime factors of 2475516.
2, 3, 67, 3079
What are the prime factors of 3311873?
61, 54293
List the prime factors of 19371962.
2, 31, 312451
What are the prime factors of 7354483?
7354483
List the prime factors of 407760.
2, 3, 5, 1699
What are the prime factors of 75360?
2, 3, 5, 157
What are the prime factors of 4022567?
4022567
What are the prime factors of 1827520?
2, 5, 5711
List the prime factors of 378402.
2, 3, 63067
What are the prime factors of 12648812?
2, 11, 103, 2791
List the prime factors of 1136603.
13, 17, 37, 139
List the prime factors of 112551.
3, 37517
What are the prime factors of 898525?
5, 127, 283
List the prime factors of 148886.
2, 17, 29, 151
What are the prime factors of 2354903?
1231, 1913
List the prime factors of 15129456.
2, 3, 17, 18541
What are the prime factors of 2866848?
2, 3, 29863
List the prime factors of 2386421.
107, 22303
List the prime factors of 560833.
7, 13, 6163
List the prime factors of 132679.
132679
What are the prime factors of 16348065?
3, 5, 193, 5647
What are the prime factors of 3486566?
2, 1743283
What are the prime factors of 456652?
2, 7, 47, 347
List the prime factors of 1805722.
2, 19, 41, 61
What are the prime factors of 1489500?
2, 3, 5, 331
What are the prime factors of 3605187?
3, 1201729
List the prime factors of 64469.
23, 2803
What are the prime factors of 8575701?
3, 17, 168151
What are the prime factors of 189666?
2, 3, 41, 257
List the prime factors of 7835483.
7835483
List the prime factors of 10457827.
10457827
List the prime factors of 365975.
5, 14639
What are the prime factors of 1952314?
2, 7, 13, 17, 631
List the prime factors of 662194.
2, 13, 25469
What are the prime factors of 291497?
43, 6779
List the prime factors of 5901337.
13, 453949
List the prime factors of 2230196.
2, 17, 32797
What are the prime factors of 32540?
2, 5, 1627
List the prime factors of 2284651.
613, 3727
List the prime factors of 1246803.
3, 67, 6203
List the prime factors of 271925.
5, 73, 149
What are the prime factors of 1482611?
13, 59, 1933
List the prime factors of 1200695.
5, 240139
What are the prime factors of 13426210?
2, 5, 7, 191803
What are the prime factors of 5090121?
3, 20947
What are the prime factors of 1213474?
2, 606737
What are the prime factors of 29292146?
2, 13, 29, 53, 733
List the prime factors of 808508.
2, 202127
List the prime factors of 8088569.
8088569
What are the prime factors of 20690885?
5, 149, 27773
What are the prime factors of 585827?
11, 19, 2803
List the prime factors of 15974.
2, 7, 163
What are the